9) in base 2?
10101010
144 (base 8) to base 4
1210
What is -2 (base 5) in base 9?
-2
Convert 3 (base 11) to base 15.
3
3 (base 16) to base 14
3
Convert 2 (base 13) to base 3.
2
-135 (base 10) to base 12
-b3
46 (base 8) to base 3
1102
What is -6 (base 10) in base 2?
-110
-60 (base 7) to base 8
-52
1 (base 2) to base 16
1
-1ac (base 15) to base 4
-12003
What is -2 (base 4) in base 10?
-2
Convert 11 (base 6) to base 13.
7
What is 3131 (base 5) in base 3?
120102
What is -31 (base 4) in base 10?
-13
What is 254 (base 7) in base 6?
345
7 (base 9) to base 7
10
11 (base 10) to base 6
15
What is -320 (base 7) in base 11?
-137
Convert -3 (base 6) to base 9.
-3
What is 61 (base 10) in base 12?
51
What is 2c (base 13) in base 7?
53
What is -4 (base 15) in base 16?
-4
Convert -12 (base 11) to base 16.
-d
What is 84 (base 16) in base 14?
96
What is 13 (base 4) in base 8?
7
What is 56 (base 8) in base 10?
46
-110000 (base 3) to base 15
-169
What is 2 (base 14) in base 12?
2
What is 23 (base 8) in base 14?
15
Convert 1 (base 12) to base 2.
1
Convert -4 (base 10) to base 2.
-100
What is -1c (base 15) in base 7?
-36
-245 (base 10) to base 3
-100002
-3 (base 8) to base 15
-3
What is 2 (base 8) in base 13?
2
What is -110 (base 2) in base 5?
-11
What is 0 (base 2) in base 6?
0
Convert -2 (base 4) to base 14.
-2
Convert -2 (base 9) to base 16.
-2
6 (base 14) to base 12
6
Convert 34 (base 16) to base 4.
310
3 (base 13) to base 6
3
What is 322 (base 4) in base 9?
64
What is -121 (base 5) in base 2?
-100100
What is -111110 (base 2) in base 16?
-3e
-3 (base 16) to base 6
-3
Convert -4 (base 13) to base 2.
-100
Convert 7 (base 15) to base 12.
7
-6 (base 12) to base 9
-6
Convert -1303 (base 4) to base 2.
-1110011
What is -10 (base 4) in base 8?
-4
What is 3 (base 13) in base 2?
11
What is 4 (base 8) in base 5?
4
127 (base 10) to base 4
1333
Convert 15 (base 13) to base 14.
14
Convert -1 (base 4) to base 7.
-1
Convert -5 (base 9) to base 6.
-5
4 (base 13) to base 5
4
-34 (base 8) to base 13
-22
Convert -63 (base 9) to base 13.
-45
What is 26 (base 7) in base 11?
19
Convert 123 (base 5) to base 14.
2a
What is -1 (base 9) in base 6?
-1
-16 (base 7) to base 4
-31
51 (base 7) to base 13
2a
Convert 24 (base 7) to base 4.
102
Convert -6 (base 16) to base 11.
-6
87 (base 11) to base 10
95
What is 6 (base 7) in base 16?
6
What is 35 (base 9) in base 4?
200
Convert 1 (base 14) to base 11.
1
What is -1 (base 4) in base 8?
-1
What is 2 (base 4) in base 8?
2
-22 (base 8) to base 7
-24
Convert 117 (base 8) to base 4.
1033
Convert 1201 (base 3) to base 8.
56
Convert 0 (base 10) to base 15.
0
Convert 8 (base 13) to base 14.
8
Convert 3 (base 16) to base 5.
3
56 (base 15) to base 14
5b
What is 106 (base 11) in base 14?
91
What is 11001 (base 4) in base 3?
102220
Convert -64 (base 14) to base 2.
-1011000
-c (base 15) to base 6
-20
What is 3 (base 6) in base 9?
3
What is -47 (base 13) in base 10?
-59
Convert 4a (base 12) to base 10.
58
-2 (base 6) to base 4
-2
-2311 (base 4) to base 9
-221
Convert -156 (base 9) to base 14.
-96
-12 (base 3) to base 7
-5
What is 255 (base 6) in base 2?
1101011
Convert -11 (base 14) to base 7.
-21
-15 (base 12) to base 13
-14
-81 (base 13) to base 3
-10220
-3 (base 9) to base 16
-3
What is 12102 (base 3) in base 16?
92
What is -22 (base 16) in base 7?
-46
What is 3 (base 8) in base 16?
3
2 (base 8) to base 12
2
21 (base 5) to base 4
23
Convert 214 (base 7) to base 9.
131
Convert 18 (base 16) to base 15.
19
What is 10102 (base 3) in base 12?
78
What is 3 (base 4) in base 10?
3
What is 12 (base 15) in base 4?
101
What is 1 (base 14) in base 13?
1
-1 (base 7) to base 8
-1
Convert 31 (base 5) to base 10.
16
Convert -21 (base 9) to base 3.
-201
What is 4e (base 16) in base 12?
66
53 (base 13) to base 8
104
Convert -1 (base 8) to base 2.
-1
What is 7 (base 10) in base 8?
7
What is 10211 (base 3) in base 7?
205
What is -3 (base 13) in base 11?
-3
-2 (base 4) to base 5
-2
6 (base 11) to base 3
20
1 (base 8) to base 3
1
What is -240 (base 7) in base 8?
-176
40 (base 6) to base 9
26
-21 (base 8) to base 16
-11
What is 1 (base 5) in base 6?
1
What is -22 (base 7) in base 6?
-24
3 (base 10) to base 6
3
6 (base 12) to base 2
110
Convert -5 (base 14) to base 16.
-5
5 (base 9) to base 16
5
Convert 0 (base 2) to base 4.
0
Convert b8 (base 14) to base 12.
116
Convert 20 (base 9) to base 16.
12
-102 (base 7) to base 2
-110011
What is -111 (base 2) in base 11?
-7
-321 (base 5) to base 12
-72
92 (base 11) to base 10
101
Convert -7c (base 16) to base 11.
-103
Convert -4 (base 5) to base 6.
-4
What is -222 (base 5) in base 4?
-332
What is 2 (base 16) in base 14?
2
Convert 31 (base 15) to base 9.
51
100 (base 8) to base 14
48
What is 23 (base 4) in base 14?
b
What is 100 (base 3) in base 9?
10
What is 4 (base 5) in base 14?
4
-3011 (base 4) to base 8
-305
What is -32 (base 5) in base 14?
-13
Convert 22 (base 10) to base 6.
34
What is bc (base 14) in base 6?
434
What is 0 (base 9) in base 4?
0
What is -23 (base 10) in base 15?
-18
115 (base 7) to base 15
41
What is 0 (base 8) in base 13?
0
What is -1a (base 15) in base 9?
-27
2 (base 14) to base 8
2
What is -4 (base 15) in base 5?
-4
-55 (base 11) to base 16
-3c
18 (base 15) to base 14
19
What is -10 (base 2) in base 14?
-2
Convert -24 (base 5) to base 10.
-14
What is 2 (base 4) in base 8?
2
What is 132 (base 6) in base 4?
320
What is -4 (base 15) in base 11?
-4
Convert -13 (base 5) to base 13.
-8
What is 5 (base 10) in base 16?
5
What is -2 (base 16) in base 15?
-2
3 (base 14) to base 4
3
Convert -1a5 (base 11) to base 8.
-354
Convert -24 (base 5) to base 11.
-13
What is 55 (base 8) in base 10?
45
What is -49 (base 16) in base 2?
-1001001
c (base 15) to base 16
c
22 (base 6) to base 14
10
What is -5 (base 14) in base 3?
-12
-63 (base 14) to base 13
-69
Convert -70 (base 8) to base 4.
-320
Convert -c (base 14) to base 5.
-22
Convert 234 (base 6) to base 2.
1011110
What is 168 (base 12) in base 6?
1012
310 (base 5) to base 8
120
What is -38 (base 11) in base 5?
-131
2 (base 9) to base 11
2
Convert 27 (base 8) to base 9.
25
3 (base 11) to base 4
3
Convert 0 (base 6) to base 13.
0
3 (base 12) to base 9
3
Convert 40 (base 11) to base 15.
2e
-1 (base 7) to base 12
-1
2112 (base 3) to base 2
1000100
What is 11 (base 2) in base 14?
3
What is -145 (base 7) in base 9?
-101
Convert -a0 (base 11) to base 12.
-92
3 (base 14) to base 6
3
Convert -4 (base 16) to base 10.
-4
What is -111001 (base 2) in base 4?
-321
Convert -111 (base 2) to base 6.
-11
b7 (base 12) to base 10
139
What is -23 (base 13) in base 2?
-11101
What is -3 (base 14) in base 9?
-3
1001011 (base 2) to base 13
5a
Convert -7b (base 12) to base 2.
-1011111
What is -111 (base 5) in base 11?
-29
Convert 12 (base 13) to base 9.
16
What is 1 (base 4) in base 7?
1
-2 (base 4) to base 9
-2
Convert 4 (base 15) to base 14.
4
Convert 7 (base 15) to base 3.
21
-5 (base 13) to base 10
-5
503 (base 6) to base 5
1213
Convert -4a (base 16) to base 13.
-59
Convert 101011 (base 2) to base 8.
53
What is 5 (base 10) in base 7?
5
What is -5 (base 15) in base 2?
-101
What is 32 (base 4) in base 10?
14
What is -6 (base 8) in base 11?
-6
What is 4 (base 9) in base 13?
4
Convert 17 (base 12) to base 2.
10011
-1110011 (base 2) to base 12
-97
4 (base 9) to base 15
4
Convert 17 (base 11) to base 4.
102
Convert 20 (base 4) to base 5.
13
10011 (base 2) to base 10
19
Convert -100 (base 2) to base 11.
-4
201 (base 4) to base 3
1020
Convert -130 (base 4) to base 5.
-103
Convert 3 (base 8) to base 12.
3
What is -144 (base 6) in base 15?
-44
Convert 4 (base 5) to base 4.
10
70 (base 16) to base 9
134
What is -3 (base 11) in base 4?
-3
-134 (base 10) to base 5
-1014
Convert 0 (base 8) to base 16.
0
Convert 3 (base 6) to base 2.
11
What is 1010 (base 3) in base 2?
11110
What is -325 (base 10) in base 14?
-193
What is -26 (base 9) in base 12?
-20
Convert -12 (base 4) to base 6.
-10
22 (base 4) to base 9
11
What is 6 (base 14) in base 13?
6
What is 4 (base 9) in base 15?
4
Convert 201 (base 4) to base 14.
25
3 (base 4) to base 15
3
Convert -4 (base 10) to base 3.
-11
Convert 42 (base 5) to base 3.
211
What is -4 (base 16) in base 10?
-4
-1 (base 7) to base 9
-1
What is -5a (base 11) in base 10?
-65
What is -4 (